er?
False
Is 567577 composite?
True
Is 104903 a prime number?
False
Is 25223 composite?
True
Is 2833 a composite number?
False
Is 7642 a prime number?
False
Is 31379 composite?
False
Is 73394 a prime number?
False
Is 10522 composite?
True
Is 171317 a prime number?
True
Is 534959 prime?
False
Is 46211 prime?
False
Is 132817 a prime number?
True
Is 293054 prime?
False
Is 24673 a prime number?
False
Is 143755 composite?
True
Is 32173 composite?
False
Is 3277 composite?
True
Is 5189 a prime number?
True
Is 4007 prime?
True
Is 15233 a composite number?
False
Is 1396823 a prime number?
False
Is 92041 composite?
False
Is 4703 prime?
True
Is 2735651 a composite number?
True
Is 940657 composite?
True
Is 3489 prime?
False
Is 82527 composite?
True
Is 252233 prime?
True
Is 35951 a prime number?
True
Is 15811 prime?
False
Is 68287 a composite number?
True
Is 962645 a prime number?
False
Is 757 a prime number?
True
Is 66137 a composite number?
False
Is 162989 composite?
False
Is 480133 composite?
False
Is 4534 composite?
True
Is 6943 composite?
True
Is 2653 a prime number?
False
Is 1648553 prime?
True
Is 3319727 a composite number?
False
Is 7421 a composite number?
True
Is 47819 a composite number?
False
Is 2921 prime?
False
Is 5723 a composite number?
True
Is 7717 a composite number?
False
Is 1077 prime?
False
Is 69337 composite?
False
Is 17453 composite?
True
Is 246527 a composite number?
False
Is 79133 a prime number?
True
Is 31681 a prime number?
False
Is 22639 prime?
True
Is 464821 a prime number?
False
Is 6761 prime?
True
Is 1073 a composite number?
True
Is 3221 a prime number?
True
Is 3802 prime?
False
Is 27491 a prime number?
False
Is 87083 a prime number?
True
Is 21911 prime?
True
Is 9953 prime?
False
Is 1798949 prime?
False
Is 45143 a prime number?
False
Is 6067 composite?
False
Is 331651 a prime number?
True
Is 2077 composite?
True
Is 15491 a prime number?
False
Is 365289 a prime number?
False
Is 1089677 a prime number?
True
Is 26033 prime?
False
Is 166097 composite?
True
Is 1657 a prime number?
True
Is 87949 a composite number?
True
Is 1361 a composite number?
False
Is 622367 prime?
True
Is 325667 composite?
False
Is 27362 prime?
False
Is 901 prime?
False
Is 67299 prime?
False
Is 307067 a composite number?
False
Is 82129 a composite number?
False
Is 25034 a prime number?
False
Is 40231 composite?
False
Is 199239 composite?
True
Is 235199 a prime number?
True
Is 13097 prime?
False
Is 228155 prime?
False
Is 8353 prime?
True
Is 2329 prime?
False
Is 3494 prime?
False
Is 29993 a composite number?
True
Is 2315 a prime number?
False
Is 67829 a composite number?
False
Is 26987 a composite number?
False
Is 4678 composite?
True
Is 345869 a prime number?
True
Is 25213 a prime number?
False
Is 213431 a prime number?
False
Is 297757 a composite number?
False
Is 10483 prime?
False
Is 1569279 composite?
True
Is 3299 composite?
False
Is 37441 a composite number?
False
Is 2897 composite?
False
Is 8773 a composite number?
True
Is 2417 a composite number?
False
Is 15371 a composite number?
True
Is 19951 composite?
True
Is 114571 prime?
True
Is 66431 a composite number?
False
Is 251439 composite?
True
Is 409 composite?
False
Is 21759 a composite number?
True
Is 11861 a prime number?
False
Is 964499 a prime number?
True
Is 668291 prime?
False
Is 4327 prime?
True
Is 420871 composite?
True
Is 718409 composite?
True
Is 556007 prime?
True
Is 3389 prime?
True
Is 164914 prime?
False
Is 33521 composite?
False
Is 10049 composite?
True
Is 15074 prime?
False
Is 724837 a composite number?
False
Is 652903 prime?
True
Is 3832247 a prime number?
True
Is 27233 a prime number?
False
Is 407509 a prime number?
True
Is 874189 a composite number?
True
Is 9511 a prime number?
True
Is 255803 a composite number?
False
Is 3037 composite?
False
Is 18787 composite?
False
Is 4829 composite?
True
Is 873841 a composite number?
True
Is 90971 a composite number?
False
Is 19661 a composite number?
False
Is 438761 a composite number?
False
Is 5879 prime?
True
Is 18899 a prime number?
True
Is 2149 composite?
True
Is 1100599 composite?
True
Is 19657 a prime number?
False
Is 88453 a composite number?
True
Is 140323 prime?
False
Is 470477 a composite number?
True
Is 19535 a composite number?
True
Is 623449 a composite number?
True
Is 721109 a prime number?
True
Is 136273 a prime number?
True
Is 1714373 a composite number?
True
Is 150697 a prime number?
True
Is 1031 composite?
False
Is 1837789 composite?
False
Is 53773 a prime number?
True
Is 3251 prime?
True
Is 2921 composite?
True
Is 184133 a composite number?
False
Is 1693 a composite number?
False
Is 126913 prime?
True
Is 6197 a composite number?
False
Is 553 a composite number?
True
Is 90889 a prime number?
False
Is 209999 a composite number?
True
Is 15133 a composite number?
True
Is 67307 a composite number?
False
Is 19913 a prime number?
True
Is 133769 prime?
True
Is 608443 prime?
False
Is 7501 prime?
False
Is 967 prime?
True
Is 8819 a composite number?
False
Is 190121 a composite number?
False
Is 7993 a composite number?
False
Is 192837 composite?
True
Is 4481 prime?
True
Is 917 composite?
True
Is 32087 a prime number?
False
Is 198637 composite?
False
Is 539621 a composite number?
False
Is 172343 a prime number?
True
Is 71023 a prime number?
True
Is 1393 a prime number?
False
Is 1493813 a prime number?
True
Is 29485 a prime number?
False
Is 8887 a composite number?
False
Is 228281 composite?
False
Is 567109 composite?
True
Is 1335149 a prime number?
False
Is 17237 a prime number?
False
Is 3085 composite?
True
Is 31829 prime?
False
Is 8731 a prime number?
True
Is 2174287 composite?
False
Is 16613 prime?
False
Is 73999 a composite number?
False
Is 8633 prime?
False
Is 1409 composite?
False
Is 32839 composite?
False
Is 88607 a composite number?
False
Is 38539 a prime number?
False
Is 114743 prime?
True
Is 1130471 a prime number?
True
Is 83021 prime?
False
Is 78779 a prime number?
True
Is 13799 a prime number?
True
Is 2207 a prime number?
True
Is 209486 composite?
True
Is 488663 a prime number?
False
Is 3155 composite?
True
Is 104201 a prime number?
False
Is 11989 a prime number?
False
Is 157103 a composite number?
False
Is 24499 prime?
True
Is 89695 a prime number?
False
Is 658466 a prime number?
False
Is 2453 a prime number?
False
Is 4751 composite?
False
Is 16877 composite?
True
Is 123113 a prime number?
True
Is 583447 a composite number?
False
Is 208657 a composite number?
False
Is 66455 a composite number?
True
Is 26099 composite?
False
Is 10937 prime?
True
Is 23357 a prime number?
True
Is 639763 composite?
True
Is 950977 composite?
True
Is 161281 composite?
False
Is 15819 a composite number?
True
Is 3683 composite?
True
Is 28097 prime?
True
Is 394033 a composite number?
True
Is 419357 prime?
False
Is 39823 prime?
False
Is 148233 prime?
False
Is 18037 composite?
True
Is 79273 prime?
True
Is 1718247 composite?
True
Is 22733 a composite number?
True
Is 8933 a composite number?
False
Is 23267 composite?
True
Is 113437 composite?
False
Is 86107 composite?
True
Is 3607 prime?
True
Is 31303 a composite number?
True
Is 123181 prime?
False
Is 12809 a composite number?
False
Is 363085 prime?
False
Is 72421 a prime number?
True
Is 593755 a prime number?
False
Is 7067 a prime number?
False
Is 12661 composite?
True
Is 156669 a prime number?
False
Is 9406 prime?
False
Is 327053 a composite number?
True
Is 13217 prime?
True
Is 64219 a composite number?
True
Is 285589 composite?
True
Is 90547 a composite number?
False
Is 41863 a prime number?
True
Is 48605 composite?
True
Is 17401 prime?
True
Is 89367 composite?
True
Is 272695 composite?
True
Is 108227 a prime number?
False
Is 34403 a prime number?
True
Is 196799 a composite number?
False
Is 2076197 a prime number?
False
Is 61993 composite?
True
Is 12605 prime?
False
Is 1480459 a composite number?
False
Is 3340153 a prime number?
True
Is 1242518 prime?
False
Is 136129 prime?
False
Is 178474 a prime number?
False
Is 285151 a prime number?
True
Is 49763 composite?
True
Is 1069 a prime number?
True
Is 560393 a prime number?
True
Is 55489 prime?
False
Is 87739 a prime number?
True
Is 38693 a prime number?
True
Is 124489 composite?
False
Is 91801 prime?
True
Is 13121 prime?
True
Is 2047889 composite?
True
Is 